9
Let v(z) = 48*z**2 + 2570*z - 6595. Determine v(-56).
13
Let s(f) = 11581*f - 127388. Determine s(11).
3
Let c(i) = 8*i**2 - 606*i + 10647. Determine c(49).
161
Let c(k) = -325*k**2 - 334*k - 1. Determine c(-1).
8
Let u(o) = -5*o**2 - 323*o + 1966. What is u(-63)?
2470
Let y(f) = -2276724*f + 20490517. What is y(9)?
1
Let a(v) = -9*v**3 + 12*v**2 + 107*v + 712. Give a(-7).
3638
Let u(d) = -2*d**3 + 39*d**2 + 15*d - 176. Determine u(16).
1856
Let d(t) = -2*t**3 + 32*t**2 + 56*t - 640. Determine d(16).
256
Let d(a) = 92*a**2 + 548*a - 1904. Determine d(4).
1760
Let d(j) = j**2 - 1992*j - 1090232. Calculate d(-447).
1
Let d(i) = i**3 - 711*i**2 - 3086*i + 161588. What is d(715)?
-2
Let z(w) = -354*w**2 + 1093*w - 100. Determine z(3).
-7
Let a(v) = -4*v**2 - 4742*v - 187701. Give a(-41).
-3
Let o(n) = n**3 - 19*n**2 - 1747*n + 42604. Give o(32).
12
Let b(p) = -2*p**3 + 47*p**2 + 160*p - 2035. Determine b(25).
90
Let u(p) = 706*p - 361490. Calculate u(512).
-18
Let j(h) = -2599*h**2 + 49*h + 57. What is j(-1)?
-2591
Let y(n) = -360*n**2 - 1090*n - 46. Calculate y(-3).
-16
Let n(c) = c**3 + 118*c**2 + 237*c + 516. Calculate n(-116).
-64
Let f(x) = x**2 - 1896*x - 15200. What is f(-8)?
32
Let h(n) = 102*n**3 - 96*n**2 + 185*n + 6. Determine h(2).
808
Let t(o) = 2092*o - 8394. Give t(4).
-26
Let q(f) = -26*f**2 + 1750*f + 77. Calculate q(67).
613
Let j(m) = -183*m**3 + 13*m**2 - 7*m - 2. Give j(1).
-179
Let a(q) = 3*q**3 + q**2 + 54*q - 75. Calculate a(0).
-75
Let r(a) = 172618*a - 345277. Give r(2).
-41
Let t(v) = -56*v + 3113. Determine t(47).
481
Let u(y) = -2222*y - 86880. Calculate u(-39).
-222
Let n(p) = -4*p**3 - 49*p**2 - 708*p - 7857. Give n(-11).
-674
Let w(d) = -d**3 - 45*d**2 + 573*d - 2344. Give w(-56).
64
Let c(w) = 579*w - 25503. Determine c(44).
-27
Let n(u) = -32245*u - 677122. Calculate n(-21).
23
Let a(d) = 8*d**2 - 880*d + 214. Give a(108).
-1514
Let p(o) = -45947*o + 183241. Determine p(4).
-547
Let k(t) = t**2 - 776*t + 149791. Calculate k(360).
31
Let t(d) = 3340*d - 3350. What is t(1)?
-10
Let g(q) = -95*q**2 - 3582*q + 101. Calculate g(-38).
-963
Let j(n) = -n**3 + 53*n**2 - 5*n - 318. Give j(53).
-583
Let z(i) = -i**3 - 6*i**2 + 90*i - 102. Determine z(6).
6
Let x(y) = 209898*y - 2518772. Calculate x(12).
4
Let v(x) = -8*x**2 - 617*x + 5110. Calculate v(8).
-338
Let q(r) = 17326*r - 86586. Calculate q(5).
44
Let q(t) = -t**3 + 49*t**2 + 261*t - 356. Determine q(54).
-842
Let l(h) = 2414*h - 2266733. Calculate l(939).
13
Let j(q) = q**3 - 194*q**2 - 2482*q + 550284. Determine j(192).
12
Let c(s) = 5625*s + 579384. Determine c(-103).
9
Let q(s) = -s**3 - 52*s**2 + 77*s - 1641. Determine q(-54).
33
Let p(d) = 1530*d - 191178. Determine p(125).
72
Let y(x) = -444053*x - 7104840. Calculate y(-16).
8
Let o(a) = -89*a + 1453. Give o(17).
-60
Let o(y) = 1792*y - 9450. Determine o(5).
-490
Let q(t) = -t**2 + 484*t - 9917. What is q(22)?
247
Let z(y) = y**3 - 610*y**2 + 42846*y - 25. Determine z(81).
-268
Let w(r) = 2*r**3 + 84*r**2 - 1752*r + 6024. Give w(-58).
-8
Let g(p) = -102398*p - 409025. Calculate g(-4).
567
Let d(p) = 40*p**3 - 228*p**2 + 702*p - 4657. Determine d(6).
-13
Let j(s) = s**2 - 555*s + 49724. Determine j(112).
108
Let d(c) = -25*c**2 + 60020*c + 312777. What is d(2406)?
-3
Let g(w) = -77*w - 363. Give g(-18).
1023
Let i(d) = 1178*d + 5542. Calculate i(-4).
830
Let x(c) = 3*c**3 + 28*c**2 + 14*c + 19. Determine x(-9).
-26
Let p(f) = 2*f**2 + 55*f - 50. Determine p(-31).
167
Let j(q) = 33*q**2 + 4663*q + 92. Calculate j(-141).
-1318
Let d(c) = 30*c**3 - 269*c**2 - 2*c - 118. What is d(9)?
-55
Let o(r) = -9985*r + 39679. Calculate o(4).
-261
Let p(w) = -33*w**2 - 431*w - 27. Calculate p(-13).
-1
Let l(z) = z**2 + 11*z + 332. Determine l(-6).
302
Let h(d) = 465*d - 1833. Determine h(6).
957
Let o(n) = 92782*n - 1113430. Calculate o(12).
-46
Let g(k) = k**3 - 54*k**2 + 341*k + 989. Determine g(46).
-253
Let q(o) = 4477*o - 389368. Determine q(87).
131
Let y(c) = 4333*c - 65188. What is y(15)?
-193
Let t(w) = 64118*w - 512980. Calculate t(8).
-36
Let y(a) = -93*a**3 + 317*a + 318. Give y(-1).
94
Let d(o) = -o**3 - 1250*o**2 - 6225*o + 10. What is d(-5)?
10
Let b(m) = -12088*m + 73391. Calculate b(6).
863
Let r(q) = 3*q**3 - 98*q**2 - 114*q - 368. What is r(34)?
380
Let q(g) = -33204*g + 166041. What is q(5)?
21
Let u(v) = v**3 - 42*v**2 + 45*v - 169. Determine u(41).
-5
Let t(l) = 14*l**2 - 202*l - 199. Give t(18).
701
Let o(i) = -11*i**2 + 1059*i - 2344. Determine o(94).
6
Let f(l) = -3*l**3 - 8*l**2 + 515*l + 2397. What is f(-5)?
-3
Let l(b) = -6*b**3 - 1037*b**2 + 215*b - 938. Determine l(-173).
-8204
Let j(v) = -3615*v - 7228. Determine j(-2).
2
Let w(z) = 2652*z + 321226. Give w(-121).
334
Let n(c) = 55*c**2 + 417*c - 23. Give n(-7).
-247
Let c(o) = -342*o - 21542. What is c(-66)?
1030
Let q(f) = 2*f**2 - 243*f - 57986. Give q(-120).
-26
Let a(r) = r**3 - 7*r**2 + 687*r + 16847. Determine a(-16).
-33
Let g(k) = -5144*k + 44909. Give g(9).
-1387
Let j(o) = o**2 - 45312*o - 135952. Determine j(-3).
-7
Let v(y) = -11*y**3 + 184*y**2 + 32*y + 290. Calculate v(17).
-33
Let k(a) = 3877*a + 189886. Calculate k(-49).
-87
Let l(g) = -8*g**2 + 6800*g + 203935. Give l(879).
7
Let u(z) = -716483*z - 9314272. What is u(-13)?
7
Let i(a) = -415*a**3 - 3*a**2 - 5*a + 20. Give i(2).
-3322
Let m(g) = -4110*g - 16630. What is m(-4)?
-190
Let p(y) = -y**3 - 242*y**2 - 1954*y - 19219. Give p(-234).
-31
Let d(s) = -s**3 + 3485*s**2 - 638452*s - 399. Determine d(194).
-11
Let d(k) = 1328*k**2 + 73009*k - 1696. What is d(-55)?
9
Let c(u) = -380*u + 33309. Give c(88).
-131
Let s(g) = -2*g**3 + 72*g**2 - 56*g - 458. Determine s(35).
32
Let j(r) = -2*r**3 + 12*r**2 + 79*r - 531. Give j(7).
-76
Let w(z) = 2*z**3 + 6*z**2 - 115*z - 416. Give w(-9).
-353
Let h(m) = -126*m**2 - 2368*m + 515. What is h(-19)?
21
Let v(w) = -1203*w + 175832. What is v(146)?
194
Let q(i) = 17*i - 1613. Determine q(108).
223
Let j(w) = w**3 - 200*w**2 + 441*w + 496. Determine j(3).
46
Let f(n) = 426*n**2 - 13204*n - 80. What is f(31)?
-18
Let q(j) = -1347*j + 55235. Calculate q(41).
8
Let b(z) = 13*z**2 - 45*z - 278. What is b(-6)?
460
Let b(x) = -774*x + 141636. Calculate b(183).
-6
Let a(v) = 2*v**3 - 69*v**2 + 31*v + 47. Determine a(34).
-55
Let b(y) = y**3 - 11*y**2 - 206*y + 1372. What is b(7)?
-266
Let v(l) = l**3 + 40*l**2 + 221*l + 582. Give v(-34).
4
Let t(n) = n**2 - 214*n + 10253. Give t(77).
-296
Let z(h) = -10*h**2 + 1077*h + 4856. Give z(112).
40
Let f(z) = z**3 + 341*z**2 - 1019*z + 4488. Determine f(-344).
16
Let l(f) = 375*f**2 - 6211*f - 2834. What is l(17)?
-46
Let w(h) = h**3 + 33*h**2 - 181*h + 389. Determine w(-38).
47
Let k(u) = -4*u**2 - 254*u - 1022. Give k(-59).
40
Let f(s) = -313745*s - 1568716. Determine f(-5).
9
Let w(q) = -81*q + 12017. Give w(152).
-295
Let p(w) = 7*w**3 + 8*w**2 + 142*w + 427. Give p(-3).
-116
Let a(j) = -2*j**2 + 35*j - 132. What is a(14)?
-34
Let s(a) = 60*a**3 - 31*a**2 + 52*a - 49. What is s(5)?
6936
Let a(m) = -410*m - 70944. Calculate a(-173).
-14
Let n(h) = -126165*h - 1009331. Give n(-8).
-11
Let q(x) = 195*x - 19126. Calculate q(98).
-16
Let j(y) = 38*y**2 - 819*y - 512. Determine j(23).
753
Let w(o) = -6794*o - 81630. Give w(-12).
-102
Let w(p) = -7*p**2 - 8107*p - 144837. What is w(-1140)?
-57
Let z(a) = -6*a**2 - 76*a + 739. What is z(6)?
67
Let f(p) = 127*p**2 - 614*p + 90. What is f(5)?
195
Let y(c) = -c**3 - 681*c**2 - 6583*c + 85213. Give y(-671).
-4
Let t(s) = -s**2 - 30*s + 24937. Give t(-172).
513
Let p(g) = 1639*g + 4932. Give p(-3).
15
Let r(h) = 59*h**3 - h**2 + 47*h - 97. Give r(2).
465
Let r(w) = -412*w + 14. Calculate r(0).
14
Let u(p) = 91815*p + 18. Calculate u(0).
18
Let z(t) = t**2 + 488*t + 29946. Calculate z(-72).
-6
Let v(y) = 7387*y + 1396140. Determine v(-189).
-3
Let l(w) = -w**3 + 59*w**2 + 382*w + 22. Determine l(-6).
70
Let a(n) = n**3 - 23*n**2 - 12*n - 422. Determine a(0).
-422
Let r(q) = -34105*q**2 - 784424*q - 211. Calculate r(-23).
-4
Let b(n) = -10*n**3 - 333*n**2 - 95*n + 236. Give b(-33).
104
Let j(k) = k**3 - 32*k**2 + 915*k - 19722. What is j(26)?
12
Let i(f) = 2*f**3 - 269*f**2 - 150*f + 37. Calculate i(135).
-1988
Let f(n) = 2526*n + 161655. Give f(-64).
-9
Let k